 - l = 3*l - 72, 4*y = 4*l + 112. Calculate the remainder when y is divided by o.
10
What is the remainder when 466 is divided by (-9)/(27/(-6)) + 228/3?
76
Suppose k = 0, -52 = -4*y - 6*k + 7*k. What is the remainder when 246 is divided by y?
12
Suppose -12 = 6*t - 2*t. Let a = t - -65. Suppose 4*r = -4*h + 100, -2*h + 4*r = -r - 22. Calculate the remainder when a is divided by h.
20
Let b = -94 - -135. Calculate the remainder when b is divided by 32.
9
Suppose l + 29 = 5*o, o - 4*l + 2*l - 13 = 0. Suppose 3 - 10 = -s. Suppose 5*z - 2 = -2*v - 6, 0 = v + 5*z + s. What is the remainder when o is divided by v?
2
Suppose -5*t - 14 = k - 42, -t + 56 = 3*k. What is the remainder when 2518 is divided by k?
16
Suppose 0 = -2*l + 4*m + 88, 3*l - m = -2*l + 265. Suppose 3*t = s + 118, 5*t - s = 250 - l. Let h = 19 + t. Calculate the remainder when h is divided by 15.
13
Suppose -3*w - f + 45 = -4*f, -4*w + 70 = -2*f. Calculate the remainder when 79 is divided by w.
19
Let t be 22/(-44) - 1/(-2). Suppose t = 2*z - 88 + 20. What is the remainder when 133 is divided by z?
31
Suppose 3*f = -3*z + 3, 0*f + 4*f = z - 1. Calculate the remainder when 8 is divided by z.
0
Suppose 46*q + 20*q - 89628 = 0. Calculate the remainder when q is divided by 16.
14
Suppose -x - 14*x + 270 = 0. What is the remainder when -1*(-70)/(0 + 2) is divided by x?
17
Suppose -2*m = 2*r + 12, 2*r = m + 4*m + 23. Calculate the remainder when (-3 - 25)*m/(3 - -2) is divided by 19.
9
Let y be (-2 + (-8)/20)/((-3)/(-20)). Suppose 51 + 13 = 2*d. Let w = y + d. What is the remainder when w is divided by 6?
4
Let q(g) = 52*g + 4. Let d = -2 + 4. Calculate the remainder when q(d) is divided by 37.
34
Let m(x) = -x**3 - 21*x**2 - 19*x + 32. Let l be m(-20). Suppose -14*v + l*v = -14. Let i(b) = b**2 - b - 1. Calculate the remainder when i(-3) is divided by v.
4
Let c(r) = r**3 - 5*r + 4. Suppose -5*v + 15 = -0. What is the remainder when c(v) is divided by (-4)/6 - 58/(-6)?
7
Suppose 4*f - 2*r = 84, 33 + 69 = 5*f - 4*r. Calculate the remainder when 257 is divided by f.
15
Suppose -2*m + 227 = 2*m - 5*l, -2*m + 2*l + 112 = 0. What is the remainder when m is divided by 20?
13
Let u = 16 - 13. Let b(c) = c**2 - 2*c + 1. Let n be b(u). What is the remainder when 13 is divided by -3 - (-10)/(n + -3)?
6
Let j(k) = k**3 - 11*k**2 - 16*k - 20. Calculate the remainder when j(13) is divided by 8.
6
Let b(f) = 2*f**2 - 8*f + 7. Let l be b(5). Suppose -5*r + l = -53. Calculate the remainder when 38 is divided by r.
10
Let x(n) = n. Let b(g) = -1. Let w(u) = 3*b(u) - x(u). Suppose -3*d - 2*y - 19 = 0, 3 = d - 2*d + y. Calculate the remainder when 6 is divided by w(d).
0
Suppose 2*n - 5*n = -231. Let x be (-2)/(-4) - (-285)/6. Suppose -4*c + x = -c. What is the remainder when n is divided by c?
13
Suppose 4*w = -2*o - 3 + 61, 3*o = -4*w + 97. What is the remainder when o is divided by 10?
9
Let m = 40 + -12. What is the remainder when m is divided by 19?
9
Suppose 0 - 55 = -5*g. Calculate the remainder when 217 is divided by g.
8
Let q(y) = 6*y**2 - 2*y - 4. Calculate the remainder when 527 is divided by q(3).
43
Let u(i) = 2*i**2 + 4*i - 5*i + 6*i + 0*i. Let o be ((-12)/8)/((-3)/10). Calculate the remainder when u(o) is divided by 19.
18
Suppose -t = -0*t - 5. Suppose 140 = 5*i + t. Calculate the remainder when (-777)/(-148)*(-60)/(-3) is divided by i.
24
Let q = -59 - -120. Suppose -q + 171 = 5*k. Calculate the remainder when 87 is divided by k.
21
What is the remainder when 1*6/(-10) - (-986)/10 is divided by 28?
14
Suppose -22 = -x + 6. Let h = -23 + x. Calculate the remainder when h is divided by 2.
1
Suppose -s + 3*p + 7 = -6, -5*p = -2*s + 23. Suppose 0 = -s*c + g + 250, -4*c + 302 = c + 4*g. What is the remainder when c is divided by 16?
14
Let z(y) = -y**2 - 7*y + 17. Calculate the remainder when z(-7) is divided by 11*(-2 + 3)/1.
6
Suppose -20 + 8 = -3*u, 2*c - 44 = -5*u. Calculate the remainder when 67 is divided by (11 + -2)*20/c.
7
Suppose 2*x = x + 4. Suppose -21 = -x*m + 3*m. Suppose -26*t - 104 = -27*t. What is the remainder when t is divided by m?
20
Let m(h) = 13*h - 5. Let t(q) = -q**3 - 4*q**2 - 14. What is the remainder when m(2) is divided by t(-5)?
10
Suppose -4*r + 331 = -88*d + 89*d, -246 = -3*r - 3*d. What is the remainder when r is divided by 12?
11
Calculate the remainder when 121 is divided by (-13 - (-6 + -5))/(2/(-33)).
22
Let b(j) = 99*j - 258. What is the remainder when b(25) is divided by 60?
57
Suppose -m + 4560 = 15*m. Calculate the remainder when m is divided by 26.
25
Suppose b + 37 = 5*n, 2*n + 10 = -b - 2*n. Suppose 4*z - 7 = 1, -32 = -q + 5*z. Let i = q + b. Calculate the remainder when 78 is divided by i.
18
Let v be (-9)/(-3 - (-3)/2). Suppose -275 = -v*w + w. Suppose -5*l + 0*f - f = -w, -45 = -4*l - f. What is the remainder when 27 is divided by l?
7
Let g = -260 + 281. Calculate the remainder when g is divided by (37 - -3)/4 + 2.
9
Let z = -288 - -374. What is the remainder when 169 is divided by z?
83
Let v = -38 + 47. Calculate the remainder when 15 is divided by v.
6
Suppose -77 = -4*l + 2*r + 7, 80 = 4*l - 4*r. Calculate the remainder when 1029 is divided by l.
17
Suppose 0 = 6*t - 3*t - 18. What is the remainder when 238 is divided by 48 - (-3)/(-9)*t - -2?
46
Suppose -20*v + 6*v = -2058. What is the remainder when v is divided by 74?
73
Let l be (-4)/6 + 58/6. Let x = 52 + l. Calculate the remainder when x is divided by 16.
13
Let p be (3 - 1)*(2 + -3 + -52). Let k = p + 269. What is the remainder when k is divided by 41?
40
Suppose -47 = 26*g - 125. Calculate the remainder when 134 is divided by g.
2
Suppose -4*h + 10 = -146. Suppose -43*a = -h*a - 124. What is the remainder when a is divided by 11?
9
Let r = 86 - 102. Calculate the remainder when 46 is divided by r/(-2) + (-2 - -4)/1.
6
Let h be 5*(0 - (-42)/(-15)). What is the remainder when (((-80)/h)/(-2))/((-4)/14) is divided by (3/5)/((-2)/(-20))?
4
Suppose 6*t = 21 - 3. Let n be (3 - 79)/2*-1. Suppose 3*f = -2*v - 2*v + 50, n = 4*v - 3*f. Calculate the remainder when v is divided by t.
2
Suppose 4*j = 2*f - 124, -j + 3*j + 3*f + 54 = 0. Calculate the remainder when 2/(-6) - 2650/j is divided by 23.
19
Suppose 155 = 5*t - 95. Let g = 53 - 42. Suppose -g*m + 83 = -104. What is the remainder when t is divided by m?
16
Let i(b) = b**2 + 11*b - 5. Let t be i(-11). Suppose 7*n = 2*n + a + 225, -a + 90 = 2*n. What is the remainder when n is divided by 2*12*(2 + t + 4)?
21
Let b(j) = -31*j. Calculate the remainder when b(-1) is divided by -14 + 91/13 - -11.
3
Suppose 9*g = -404 + 2915. Calculate the remainder when g is divided by 70.
69
Let m be (8 + 0)*1/2. Suppose 4*a - 3*w = 135, 0*w = -a - m*w + 10. What is the remainder when 15 is divided by 12/(-10)*a/(-4)?
6
Calculate the remainder when 160 is divided by (77/(-14))/((-7)/14).
6
Let i(v) be the second derivative of v**5/10 - v**4/2 + v**3/2 + 7*v**2/2 + 7*v. Calculate the remainder when i(4) is divided by 14.
9
Suppose -54 = 87*r - 90*r. Suppose r*z = 12*z + 264. What is the remainder when 216 is divided by z?
40
Suppose 6 = -2*r, -b + 2*b - 5 = 3*r. Let q = -10 - b. Let c(z) = -z**2 - 10*z. What is the remainder when 93 is divided by c(q)?
21
Suppose 2*u = 6*u - 8. Suppose -5*x + 0 - 47 = -u*t, 0 = 2*t - 4*x - 44. Let c = 274 + -212. Calculate the remainder when c is divided by t.
14
Let t(u) = -u + 22. Let w be t(20). Suppose d - 7 = -w, 0 = -j + 3*d - 12. Calculate the remainder when 14 is divided by j.
2
Suppose 37 = 2*m + j, -5*j + 11 = 36. Calculate the remainder when (16 - m)*(1 + -5) is divided by 6.
2
What is the remainder when (666/36 - 1/(-2))*2 is divided by 25?
13
Let r(s) = -4*s + 1. Let o be r(-5). Let i(k) = 2*k**2 + 7*k. Let m be i(-6). Let c = m - o. Calculate the remainder when 34 is divided by c.
7
Let a = 49 - 34. Let c(y) = y + 1. Let l be c(2). Suppose -4*h - 165 = -l*p, -5*p + 0*h + h = -292. Calculate the remainder when p is divided by a.
14
Let c(u) = u**2 - 5*u - 11. Let k be c(7). Let n be (-1 + -1)*(-1 - 1). Suppose n*m - 20 = k*m. Calculate the remainder when 39 is divided by m.
19
Suppose -13*o + 1252 = -2570. Calculate the remainder when o is divided by 45.
24
Let v = 327 + -281. Calculate the remainder when 18